{"id":97,"date":"2016-01-13T23:57:24","date_gmt":"2016-01-13T23:57:24","guid":{"rendered":"http:\/\/gruene-Uni.org\/projekte\/?page_id=97"},"modified":"2018-06-23T16:45:04","modified_gmt":"2018-06-23T16:45:04","slug":"archive","status":"publish","type":"page","link":"https:\/\/unigardening.de\/projekts\/tatendrang\/archive\/","title":{"rendered":"Archive &#038; Links"},"content":{"rendered":"<p>Im Rahmen\u00a0 Hochschulgruppe &#8222;Tatendrang~Netzwerk&#8220;<strong>*<\/strong> gab es bisher mehrere Projektwerkst\u00e4tten an der TU Berlin, u.a. *<span style=\"font-size: small; color: grey;\">(fr\u00fcher: &#8222;g r \u00fc n e\u00a0 U n i &#8222;)<\/span>:<\/p>\n<h4>Projektwerkst\u00e4tten NaWaRo-Fahrrad I &amp; II ~ Regionale NachWachsende Rohstoffe auf R\u00e4dern 2010-2012-2014<\/h4>\n<ul>\n<li>TU Berlin Archivseite: projekte.projektwerkstaetten.tu-berlin.de<\/li>\n<li>aktuelle Seite: <a href=\"http:\/\/nawaro-fahrrad.de\/cms\" target=\"_blank\" rel=\"noopener\">www.nawaro-fahrrad.de<\/a><\/li>\n<\/ul>\n<h4>Projektwerkstatt Permakultur und Terra Preta in der Stadt und auf dem Land 2013-2015<\/h4>\n<ul>\n<li>TU Berlin Archivseite: projekte.projektwerkstaetten.tu-berlin.de<\/li>\n<li>&#8222;Tatendrang~Netzwerk&#8220; Seite: <a href=\"https:\/\/unigardening.de\/projekts\/tatendrang\/permakultur_terra-preta\"> tatendrang-netzwerk.eu\/projekte\/permakultur_terra-preta<\/a><\/li>\n<\/ul>\n<p><strong>Weitere Seiten zu Urban Gardening &amp; Alternativer Landwirtschaft <\/strong><\/p>\n<ul>\n<li>Link Archivseiten: &#8222;<a href=\"http:\/\/tatendrang-netzwerk.eu\/lgDg\/www.gemeinschaftsdachgaerten.de\/lecker\" target=\"_blank\" rel=\"noopener\">lecker GemeinschaftsDACHgaerten.de<\/a>&#8222;<\/li>\n<li>Link Archivseiten: &#8222;<a href=\"http:\/\/tatendrang-netzwerk.eu\/AA\/www.alternative-agriculture.org\/real\" target=\"_blank\" rel=\"noopener\">Alternative Landwirtschaft<\/a>&#8222;<\/li>\n<\/ul>\n<p><strong>Archiv\u00a0 &#8222;Tatendrang~Netzwerk&#8220;\u00a0 Webseitenversionen<br \/>\n<\/strong>Es gibt insgesamt drei alte Versionen der &#8222;Tatendrang~Netzwerk&#8220;\u00a0 Webseite:<br \/>\n<a href=\"http:\/\/tatendrang-netzwerk.eu\/pack_an\/gruene-uni.org\/pack_an\" target=\"_blank\" rel=\"noopener\"><strong> tatendrang-netzwerk.eu\/pack_an<\/strong> &#8230;<\/a><\/p>\n<h3><strong>Links &amp; Archiv zu Studentischem Engagement<\/strong><\/h3>\n<p>Hier werden Links &amp; Infos zu aktuellen und ehemaligen studentischen\/ universit\u00e4ren Initiativen f\u00fcr &#8222;sozial &amp; \u00f6kologisch n\u00fctzliches Denken &amp; Handeln&#8220; gesammelt:<\/p>\n<hr \/>\n<p><a href=\"http:\/\/www.hnee.de\/de\/Studium\/Infos-zum-Studium\/Fuer-Studierende\/Projektwerkstaetten\/Projektwerkstaetten-Von-Studis-fuer-Studis-K4908.htm\" target=\"_blank\" rel=\"noopener\"><img loading=\"lazy\" decoding=\"async\" class=\"alignnone\" title=\"HNEE Projektwerkst\u00e4tten an der Hochschule f\u00fcr Nachhaltige Entwicklung Eberswalde\" src=\"http:\/\/www.hnee.de\/_obj\/FBB435ED-9124-4D6F-94A8-A63F8018C9BB\/inline\/size\/150x\/HNEE-PWs_fresh_frischling-3000.png\" alt=\"\" width=\"150\" height=\"79\" \/><\/a><\/p>\n<p><strong>Mach deine eigene Lehre an der HNEE<\/strong>:<br \/>\n<strong><a href=\"http:\/\/www.hnee.de\/de\/Studium\/Infos-zum-Studium\/Fuer-Studierende\/Projektwerkstaetten\/Projektwerkstaetten-Von-Studis-fuer-Studis-K4908.htm\" target=\"_blank\" rel=\"noopener\">Studentische Projektwerkst\u00e4tten an der<br \/>\nHochschule f\u00fcr Nachhaltige Entwicklung Eberswalde<\/a><\/strong><\/p>\n<hr \/>\n<p><strong>3D-Druck, DIY &amp; Repair Caf\u00e9 f\u00fcr MacherInnen <\/strong><br \/>\n<strong>auf dem Campus Charlottenburg TU-Berlin &amp; UdK<\/strong><br \/>\nZiel ist die schrittweise Er\u00f6ffnung eines studentischen 3D-Druck, Do-It-Yourself &amp; Repair- Caf\u00e9s als Ort der Kreativit\u00e4t f\u00fcr Studierende u.a. der Design-, Kunst- &amp; Ingenieurwissenschaften auf dem Campus Charlottenburg. Dadurch soll der interdisziplin\u00e4re Austausch von Ideen und deren Verwirklichung angeregt und erm\u00f6glicht werden.<br \/>\n<a href=\"http:\/\/3D-RepairCafe.de\/makerspace\" target=\"_blank\" rel=\"noopener\">www.3D-RepairCafe.de\/makerspace <\/a><\/p>\n<hr \/>\n<p><strong>Initiative SUSTAIN IT!<\/strong><br \/>\nf\u00fcr Nachhaltigkeit + Klimaschutz an der Freien Universit\u00e4t Berlin<br \/>\nUnsere Initiative ist eine offene Dialog- und Aktionsplattform f\u00fcr alle, die die Freie Universit\u00e4t mit eigenen Ideen und Projekten nachhaltig und zukunftsf\u00e4hig gestalten wollen. Im Mittelpunkt unserer Aktivit\u00e4ten stehen der inter- und transdisziplin\u00e4re Diskurs und die Vernetzung universit\u00e4rer und gesellschaftlicher Wandelakteure.<br \/>\n<a href=\"http:\/\/www.fu-berlin.de\/sites\/sustain\" target=\"_blank\" rel=\"noopener\">www.fu-berlin.de\/sites\/sustain<\/a><\/p>\n<hr \/>\n<p><strong>Energieseminar TU Berlin<br \/>\n<\/strong>Das Energieseminar ist eine Arbeitsgruppe an der Technischen Universit\u00e4t Berlin, die Projekte f\u00fcr die Lehre anbietet, aber auch theoretische Kompetenz im Bereich interdisziplin\u00e4rer Lehre aufbaut.<br \/>\n<a href=\"http:\/\/www.EnergieSeminar.de\" target=\"_blank\" rel=\"noopener\">www.EnergieSeminar.de<\/a><\/p>\n<hr \/>\n<p><strong>Studentisches HU Berlin Nachhaltigkeitsb\u00fcro<\/strong><br \/>\nStudentische Initiative f\u00fcr die Transformation der HU zu einer nachhaltigen Universit\u00e4t<br \/>\n<a href=\"http:\/\/nachhaltigkeitsbuero.hu-berlin.de\" target=\"_blank\" rel=\"noopener\">http:\/\/nachhaltigkeitsbuero.hu-berlin.de<\/a><br \/>\n<a href=\"https:\/\/www.facebook.com\/hunbuero\" target=\"_blank\" rel=\"noopener\">https:\/\/www.facebook.com\/hunbuero<\/a><\/p>\n<hr \/>\n<p><strong>Einleuchtend e.V.<\/strong><br \/>\nStudierendeninitiative f\u00fcr Nachhaltigkeit an der HTW Berlin<br \/>\nEinleuchtend e.V. hat sein bisher gr\u00f6\u00dftes Ziel, die Realisierung einer studentischen Photovoltaikanlage, erreicht!<br \/>\n<a href=\"http:\/\/www.einleuchtend.org\" target=\"_blank\" rel=\"noopener\">www.einleuchtend.org<\/a><\/p>\n<hr \/>\n<p><strong><a href=\"http:\/\/www.ingenieure-ohne-grenzen.org\/de\/Regionalgruppen\/Berlin\" target=\"_blank\" rel=\"noopener\">Ingenieure-ohne-Grenzen.org<\/a> ~ Berlin<\/strong><\/p>\n<hr \/>\n<p><strong>tu-ess: Food-Coop an der TU Berlin<\/strong><br \/>\n<a href=\"http:\/\/tu-ess.do-coop.net\" target=\"_blank\" rel=\"noopener\">http:\/\/tu-ess.do-coop.net<\/a><\/p>\n<hr \/>\n<p><strong>Archiv ~ AVV ~ Alternatives VeranstaltungsVerzeichnis<\/strong><br \/>\n<img loading=\"lazy\" decoding=\"async\" class=\"alignnone size-large wp-image-146\" src=\"http:\/\/xxxprojekte.projektwerkstaetten.tu-berlin.de\/wordpress\/wp-content\/uploads\/2013\/10\/AVV-werbung-1993-369x177.jpg\" alt=\"AVV-werbung-1993\" width=\"369\" height=\"177\" \/><\/p>\n<p><strong>Allgemeines AVV<\/strong> (Alternatives VeranstaltungsVerzeichnis Berlin &amp; Potsdam):<\/p>\n<ul>\n<li><a title=\"avv_sose_2004.pdf\" href=\"http:\/\/xxxprojekte.projektwerkstaetten.tu-berlin.de\/wordpress\/wp-content\/uploads\/2013\/10\/avv_sose_2004.pdf\" target=\"_blank\" rel=\"noopener\">AVV_SoSe_2004.pdf <\/a><\/li>\n<li><a title=\"AVV_SoSe2005.pdf\" href=\"http:\/\/xxxprojekte.projektwerkstaetten.tu-berlin.de\/wordpress\/wp-content\/uploads\/2013\/10\/AVV_SoSe2005.pdf\" target=\"_blank\" rel=\"noopener\">AVV_SoSe_2005.pdf<\/a><\/li>\n<li><a title=\"AVV_winter_2008-09.pdf\" href=\"http:\/\/www.projektwerkstaetten.tu-berlin.de\/fileadmin\/f12\/Downloads\/Projektwerkstaetten_tuprojects\/AVV_winter_2008-09.pdf\" target=\"_blank\" rel=\"noopener\">AVV_Winter_2008-09.pdf<\/a><\/li>\n<\/ul>\n<p><!--\n \t\n\n<li><a title=\"AVV_Sommer_2007.pdf\" href=\"http:\/\/www.wiki.bildung-schadet-nicht.de\/images\/e\/ed\/AVV_Sommer_2007.pdf\" target=\"_blank\">AVV_Sommer_2007.pdf<\/a><\/li>\n\n\n \t\n\n<li><a title=\"AVV_Winter_2007-08.pdf\" href=\"http:\/\/www.wiki.bildung-schadet-nicht.de\/images\/9\/9e\/AVV_Winter_2007-08.pdf\" target=\"_blank\">AVV_Winter_2007-08.pdf<\/a><\/li>\n\n\n \t\n\n<li><a title=\"AVV-sommer_2008.pdf\" href=\"http:\/\/wiki.bildung-schadet-nicht.de\/images\/a\/a8\/AVV-sommer_2008.pdf\" target=\"_blank\">AVV_Sommer_2008.pdf<\/a><\/li>\n\n\n \t\n\n<li><a title=\"AVV_sommer2009.pdf\" href=\"http:\/\/wiki.bildung-schadet-nicht.de\/images\/2\/2e\/AVV_sommer2009.pdf\" target=\"_blank\">AVV_Sommer_2009.pdf<\/a><\/li>\n\n\n--><\/p>\n<p><strong>TU-Berlin AVV<\/strong> (Alternatives VorlesungsVerzeichnis):<\/p>\n<ul>\n<li><a href=\"http:\/\/xxxprojekte.projektwerkstaetten.tu-berlin.de\/wordpress\/wp-content\/uploads\/2013\/10\/AVV_TU-Berlin_SommerSemester_2004_web.pdf\">TUB AVV_SoSe_2004.pdf<\/a><\/li>\n<\/ul>\n<p><!--\n<strong>Mehr Infos<\/strong> zu studentischem Engagement:\n<a title=\"www.studi-engagement.de\" href=\"http:\/\/studi-engagement.de\" target=\"_blank\">www.studi-engagement.de<\/a>\n\n<strong>YouTube Kanal<\/strong> der Projektwerkst\u00e4tten:\n<a title=\"www.youtube.com\/Projektwerkstaetten\" href=\"http:\/\/www.youtube.com\/watch?v=A-yDd3y5KY8\" target=\"_blank\">www.youtube.com\/Projektwerkstaetten<\/a>\n\n\n\n<p style=\"text-align: left;\"><strong>Die PW-Brosch\u00fcren<\/strong> zu studentischer Forschung\nund Lehre seit 1985 gibt es hier zum <a title=\"pw_archiv\" href=\"http:\/\/www.projektwerkstaetten.tu-berlin.de\/menue\/archiv_mediathek\/pw_archiv\" target=\"_blank\">Download als PDF...<\/a>\n\n<a href=\"http:\/\/www.projektwerkstaetten.tu-berlin.de\/menue\/archiv_mediathek\/pw_archiv\" target=\"_blank\"><img loading=\"lazy\" decoding=\"async\" src=\"http:\/\/projekte.projektwerkstaetten.tu-berlin.de\/wordpress\/wp-content\/uploads\/2013\/10\/TU-Berlin_Projektwerkstaetten_1985-88_deckblatt_241-210x300.jpg\" alt=\"TU-Berlin_Projektwerkstaetten_1985-88_deckblatt_241\" width=\"210\" height=\"300\" \/><\/a> <a href=\"http:\/\/www.projektwerkstaetten.tu-berlin.de\/menue\/archiv_mediathek\/pw_archiv\" target=\"_blank\"><img loading=\"lazy\" decoding=\"async\" src=\"http:\/\/projekte.projektwerkstaetten.tu-berlin.de\/wordpress\/wp-content\/uploads\/2013\/10\/TU-Berlin_Projektwerkstaetten_1988-92_deckblatt_241-210x300.jpg\" alt=\"TU-Berlin_Projektwerkstaetten_1988-92_deckblatt_241\" width=\"210\" height=\"300\" \/><\/a> <a href=\"http:\/\/www.projektwerkstaetten.tu-berlin.de\/menue\/archiv_mediathek\/pw_archiv\" target=\"_blank\"><img loading=\"lazy\" decoding=\"async\" src=\"http:\/\/projekte.projektwerkstaetten.tu-berlin.de\/wordpress\/wp-content\/uploads\/2013\/10\/TU-Berlin_Projektwerkstaetten_1993-96_deckblatt_241-210x300.jpg\" alt=\"TU-Berlin_Projektwerkstaetten_1993-96_deckblatt_241\" width=\"210\" height=\"300\" \/><\/a> <a href=\"http:\/\/www.projektwerkstaetten.tu-berlin.de\/menue\/archiv_mediathek\/pw_archiv\" target=\"_blank\"><img loading=\"lazy\" decoding=\"async\" src=\"http:\/\/projekte.projektwerkstaetten.tu-berlin.de\/wordpress\/wp-content\/uploads\/2013\/10\/TU-Berlin_Projektwerkstaetten_1997-2002_deckblatt_241-210x300.jpg\" alt=\"TU-Berlin_Projektwerkstaetten_1997-2002_deckblatt_241\" width=\"210\" height=\"300\" \/><\/a>\n\n<strong>Projektwerkstattzeitung \"Safer Science\"<\/strong>\nAusgaben 3 und 8 zum Download:\n\n<a title=\"Safer-Science_Nr3_4-1993.pdf\" href=\"http:\/\/projekte.projektwerkstaetten.tu-berlin.de\/uploads\/Safer-Science_Nr3_4-1993.pdf\" target=\"_blank\"><img loading=\"lazy\" decoding=\"async\" src=\"http:\/\/projekte.projektwerkstaetten.tu-berlin.de\/wordpress\/wp-content\/uploads\/2013\/10\/safer-science-3-titel269.jpg\" alt=\"safer-science-3-titel269\" width=\"269\" height=\"390\" \/><\/a> <a title=\"Safer-Science_Nr8_4-1996.pdf\" href=\"http:\/\/projekte.projektwerkstaetten.tu-berlin.de\/uploads\/Safer-Science_Nr8_4-1996.pdf\" target=\"_blank\"><img loading=\"lazy\" decoding=\"async\" src=\"http:\/\/projekte.projektwerkstaetten.tu-berlin.de\/wordpress\/wp-content\/uploads\/2013\/10\/safer-science-8-titel269.jpg\" alt=\"safer-science-8-titel269\" width=\"269\" height=\"390\" \/> <\/a>\n\n<strong>PW-Flyer Serie \"TU-Alternativ\"<\/strong> aus den Anf\u00e4ngen der PWs\n<a title=\"pw-flyer_wka-fluegel_tu-berlin_alternativ.pdf\" href=\"http:\/\/projekte.projektwerkstaetten.tu-berlin.de\/wordpress\/wp-content\/uploads\/2013\/10\/pw-flyer_wka-fluegel_tu-berlin_alternativ.pdf\" target=\"_blank\"><img loading=\"lazy\" decoding=\"async\" class=\"alignnone size-large wp-image-154\" src=\"http:\/\/projekte.projektwerkstaetten.tu-berlin.de\/wordpress\/wp-content\/uploads\/2013\/10\/pw-flyer-wka-1988-369x253.jpg\" alt=\"pw-flyer-wka-1988\" width=\"369\" height=\"253\" \/><\/a>\n\nFlyer: <a title=\"pw-flyer_wka-fluegel_tu-berlin_alternativ.pdf\" href=\"http:\/\/projekte.projektwerkstaetten.tu-berlin.de\/wordpress\/wp-content\/uploads\/2013\/10\/pw-flyer_wka-fluegel_tu-berlin_alternativ.pdf\" target=\"_blank\">Flu\u0308gelbau fu\u0308r eine Windkraftanlage<\/a>\nFlyer: <a title=\"pw-flyer_solarladeregler_tu-berlin_alternativ.pdf\" href=\"http:\/\/projekte.projektwerkstaetten.tu-berlin.de\/wordpress\/wp-content\/uploads\/2013\/10\/pw-flyer_solarladeregler_tu-berlin_alternativ.pdf\" target=\"_blank\">Solarladeregler<\/a>\nFlyer: <a title=\"Projekteflyer 1988\" href=\"http:\/\/projekte.projektwerkstaetten.tu-berlin.de\/wordpress\/wp-content\/uploads\/2013\/10\/pw-flyer_F-31_tu-berlin_alternativ.pdf\" target=\"_blank\">allgem. Projekteflyer<\/a>\nFlyer: <a title=\"Programm Pr\u00e4sentationen Juli 1989 im Lichthof\" href=\"http:\/\/projekte.projektwerkstaetten.tu-berlin.de\/wordpress\/wp-content\/uploads\/2013\/10\/pw-flyer_Projektwerkstaetten-1989_tu-berlin_alternativ.pdf\" target=\"_blank\">Programm der Pr\u00e4sentationen Juli 1989 im Lichthof\n<\/a>Flyer: <a title=\"pw-flyer_energieseminar_tu-berlin_alternativ.pdf\" href=\"http:\/\/projekte.projektwerkstaetten.tu-berlin.de\/wordpress\/wp-content\/uploads\/2013\/10\/pw-flyer_energieseminar_tu-berlin_alternativ.pdf\" target=\"_blank\">Der Solarkocher des Energieseminars<\/a>\n\n<strong>Infoblatt des <a title=\"www.Energieseminar.de - ehem. PW\" href=\"http:\/\/www.energieseminar.de\" target=\"_blank\">Energieseminars<\/a> Okt.1986<\/strong>:\n\"<a title=\"Atomfusion-Energieseminar.de_10_1986.pdf\" href=\"http:\/\/projekte.projektwerkstaetten.tu-berlin.de\/wordpress\/wp-content\/uploads\/2013\/10\/Atomfusion-Energieseminar.de_10_1986.pdf\" target=\"_blank\">Kernfusion - neue Spielform der Atomenergie - Demontage eines Mythos<\/a>\"\n\n<a title=\"pw-infoblatt-A3-gruen_schwarz-FlyerA5_1980er_A.pdf\" href=\"http:\/\/projekte.projektwerkstaetten.tu-berlin.de\/wordpress\/wp-content\/uploads\/2013\/10\/pw-infoblatt-A3-gruen_schwarz-FlyerA5_1980er_A.pdf\" target=\"_blank\"><img loading=\"lazy\" decoding=\"async\" class=\"alignnone size-full wp-image-161\" src=\"http:\/\/projekte.projektwerkstaetten.tu-berlin.de\/wordpress\/wp-content\/uploads\/2013\/10\/pw-infoblatt-a3-gruen_schwarz-frontseite-269.jpg\" alt=\"pw-infoblatt-a3-gruen_schwarz-frontseite-269\" width=\"269\" height=\"390\" \/> PW-Infoblatt aus den 1980ern<\/a>\n\n<strong>UniRad - Fahrradselbsthilfewerksatt<\/strong> (ehem. PW): <a title=\"unirad.de\" href=\"http:\/\/unirad.de\" target=\"_blank\">www.unirad.de<\/a>\n<a title=\"unirad.de\" href=\"http:\/\/unirad.de\" target=\"_blank\"><img loading=\"lazy\" decoding=\"async\" class=\"alignnone size-large wp-image-145\" src=\"http:\/\/projekte.projektwerkstaetten.tu-berlin.de\/wordpress\/wp-content\/uploads\/2013\/10\/pw-comic-safer_science-werbung-1993-369x173.jpg\" alt=\"pw-comic-safer_science-werbung-1993\" width=\"369\" height=\"173\" \/><\/a>\n\n--><\/p>\n","protected":false},"excerpt":{"rendered":"<p>Im Rahmen\u00a0 Hochschulgruppe &#8222;Tatendrang~Netzwerk&#8220;* gab es bisher mehrere Projektwerkst\u00e4tten an der TU Berlin, u.a. *(fr\u00fcher: &#8222;g r \u00fc n e\u00a0 U n i &#8222;): Projektwerkst\u00e4tten NaWaRo-Fahrrad I &amp; II ~ Regionale NachWachsende Rohstoffe auf R\u00e4dern 2010-2012-2014 TU Berlin Archivseite: projekte.projektwerkstaetten.tu-berlin.de aktuelle Seite: www.nawaro-fahrrad.de Projektwerkstatt Permakultur und Terra Preta in der Stadt und auf dem Land &hellip; <a href=\"https:\/\/unigardening.de\/projekts\/tatendrang\/archive\/\" class=\"more-link\"><span class=\"screen-reader-text\">Archive &#038; Links<\/span> weiterlesen <span class=\"meta-nav\">&rarr;<\/span><\/a><\/p>\n","protected":false},"author":1,"featured_media":0,"parent":0,"menu_order":0,"comment_status":"closed","ping_status":"closed","template":"","meta":{"inline_featured_image":false,"ngg_post_thumbnail":0,"footnotes":""},"class_list":["post-97","page","type-page","status-publish","hentry"],"_links":{"self":[{"href":"https:\/\/unigardening.de\/projekts\/tatendrang\/wp-json\/wp\/v2\/pages\/97","targetHints":{"allow":["GET"]}}],"collection":[{"href":"https:\/\/unigardening.de\/projekts\/tatendrang\/wp-json\/wp\/v2\/pages"}],"about":[{"href":"https:\/\/unigardening.de\/projekts\/tatendrang\/wp-json\/wp\/v2\/types\/page"}],"author":[{"embeddable":true,"href":"https:\/\/unigardening.de\/projekts\/tatendrang\/wp-json\/wp\/v2\/users\/1"}],"replies":[{"embeddable":true,"href":"https:\/\/unigardening.de\/projekts\/tatendrang\/wp-json\/wp\/v2\/comments?post=97"}],"version-history":[{"count":7,"href":"https:\/\/unigardening.de\/projekts\/tatendrang\/wp-json\/wp\/v2\/pages\/97\/revisions"}],"predecessor-version":[{"id":427,"href":"https:\/\/unigardening.de\/projekts\/tatendrang\/wp-json\/wp\/v2\/pages\/97\/revisions\/427"}],"wp:attachment":[{"href":"https:\/\/unigardening.de\/projekts\/tatendrang\/wp-json\/wp\/v2\/media?parent=97"}],"curies":[{"name":"wp","href":"https:\/\/api.w.org\/{rel}","templated":true}]}}