{"id":29,"date":"2016-01-13T21:43:10","date_gmt":"2016-01-13T21:43:10","guid":{"rendered":"https:\/\/unigardening.de\/projekts\/nawaro-fahrrad\/?page_id=29"},"modified":"2018-06-23T17:17:37","modified_gmt":"2018-06-23T17:17:37","slug":"partner","status":"publish","type":"page","link":"https:\/\/unigardening.de\/projekts\/nawaro-fahrrad\/?page_id=29","title":{"rendered":"Kooperationen, Partner und Unterst\u00fctzerInnen"},"content":{"rendered":"<h2><strong>Wir bedanken uns f\u00fcr die<br \/>\nbisherige Unterst\u00fctzung &amp; Kooperation u.a. bei:<\/strong><\/h2>\n<p><img decoding=\"async\" style=\"width: 369px; height: 246px; float: right; margin-left: 3px; margin-right: 3px;\" title=\"Hannover-Messestand 2011\" src=\"http:\/\/nawaro-fahrrad.de\/cms_Archiv\/nawaro-fahrrad.de\/cms\/sites\/default\/files\/HMI_2011_DSCF0929_0.jpg\" alt=\"\" \/><br \/>\n<img decoding=\"async\" style=\"width: 100px; height: 75px;\" src=\"http:\/\/www.pressestelle.tu-berlin.de\/typo3temp\/pics\/4\/49a339d56c.png\" alt=\"\" \/><\/p>\n<p><strong>Technische Universit\u00e4t Berlin<\/strong><br \/>\nFachgebiet Polymertechnik und Polymerphysik<br \/>\n<strong><a href=\"http:\/\/www.ptk.tu-berlin.de\/\">www.ptk.tu-berlin.de<\/a><\/strong><br \/>\nDas Fachgebiet von Prof. Wagner betreute die Projektwerkst\u00e4tten NaWaRo-Fahrrad I &amp; II und unterst\u00fctzt das Projekt weiterhin.<\/p>\n<p><a href=\"http:\/\/sustainable-manufacturing.net\/\" rel=\"attachment wp-att-31\"><img loading=\"lazy\" decoding=\"async\" class=\"alignnone wp-image-31 size-medium\" src=\"https:\/\/unigardening.de\/projekts\/nawaro-fahrrad\/wp-content\/uploads\/2016\/01\/Sustainable-Manufacturing.net_LOGO-300x79.png\" alt=\"Sustainable Manufacturing.net ~ Shaping Global Value Creation\" width=\"300\" height=\"79\" srcset=\"https:\/\/unigardening.de\/projekts\/nawaro-fahrrad\/wp-content\/uploads\/2016\/01\/Sustainable-Manufacturing.net_LOGO-300x79.png 300w, https:\/\/unigardening.de\/projekts\/nawaro-fahrrad\/wp-content\/uploads\/2016\/01\/Sustainable-Manufacturing.net_LOGO-768x203.png 768w, https:\/\/unigardening.de\/projekts\/nawaro-fahrrad\/wp-content\/uploads\/2016\/01\/Sustainable-Manufacturing.net_LOGO.png 997w\" sizes=\"auto, (max-width: 300px) 100vw, 300px\" \/><\/a><\/p>\n<p>Kooperation mit &amp; Unterst\u00fctzung durch den Sonderforschungsbereich (SFB) 1026<br \/>\n<strong><a href=\"http:\/\/sustainable-manufacturing.net\" target=\"_blank\" rel=\"noopener\">Sustainable Manufacturing.net <\/a>~ Shaping Global Value Creation<\/strong><br \/>\nIm Maschinenlabor auf dem Campus Berlin-Charlottenburg und den Partnerinstituten entwickeln die Wissenschaftlerinnen und Wissenschaftler im Rahmen des Sonderforschungsbereichs 1026 ressourcenschonende Technologien und Managementprozesse im Kontext nachhaltiger Wertsch\u00f6pfung.<br \/>\nAngesiedelt im Produktionstechnischen Zentrum (PTZ) TU Berlin<br \/>\nUnterst\u00fctzer\/Partner-Fachgebiet Montagetechnik und Fabrikbetrieb<br \/>\nProf. Seliger ~<strong> <a href=\"https:\/\/www.mf.tu-berlin.de\" target=\"_blank\" rel=\"noopener\">www.mf.tu-berlin.de<\/a>\u00a0<\/strong><br \/>\nBesonderer Dank geht hierbei auch an Dipl.-Ing. Bernd Muschard<br \/>\n(<strong> <a href=\"https:\/\/cubefactory.wordpress.com\" target=\"_blank\" rel=\"noopener\">cubefactory.wordpress.com<\/a> <\/strong>) und Dipl.-Ing. J\u00f3n G. Steingr\u00edmsson. <a href=\"http:\/\/www.tubs.de\" target=\"_blank\" rel=\"noopener\"><img loading=\"lazy\" decoding=\"async\" class=\"alignright\" src=\"http:\/\/www.tubs.de\/fileadmin\/Resources\/Public\/images\/logo.png\" alt=\"TUBS GmbH_ TU Berlin ScienceMarketing\" width=\"82\" height=\"160\" \/><\/a><\/p>\n<p><strong>TU Berlin ScienceMarketing<\/strong><br \/>\nDie Projektwerkstatt \/ das Projekt NaWaRo-Fahrrad hat seit 2011 bereits vier mal auf dem TU Berlin Gemeinschaftsstand \u201eForschungsmarkt Berlin Brandenburg\u201c auf der Hannovermesse ausgestellt.<br \/>\nWir bedanken uns hierf\u00fcr bei der<strong> <a href=\"http:\/\/www.tubs.de\" target=\"_blank\" rel=\"noopener\">TUBS GmbH<\/a><\/strong>.<\/p>\n<hr \/>\n<p>&nbsp;<\/p>\n<p><strong>&#8222;Tatendrang~Netzwerk&#8220; ~ unabh\u00e4ngige Hochschulgruppe Berlin<\/strong><br \/>\nInitiatorin des Projektes\/ der Projektwerkstatt NaWaRo-Fahrrad.de<br \/>\n<a href=\"http:\/\/tatendrang-netzwerk.eu\">www.tatendrang-netzwerk.eu<\/a><\/p>\n<hr \/>\n<p><a href=\"http:\/\/tatendrang-netzwerk.eu\/projekte\/green-bamboo-bike\" target=\"_blank\" rel=\"noopener\"><img loading=\"lazy\" decoding=\"async\" class=\"alignnone\" title=\" tatendrang-netzwerk.eu green-bamboo-bike\" src=\"http:\/\/tatendrang-netzwerk.eu\/projekte\/wp-content\/uploads\/2016\/01\/Green-Bamboo-Bike_grueneUni.org_logo469.png\" alt=\"Green-Bamboo-Bike_grueneUni.org_logo469\" width=\"369\" height=\"369\" \/><\/a><\/p>\n<p><strong>&#8222;Tatendrang~Netzwerk&#8220; ~ Schwesterprojekt<\/strong>:\u00a0\u00a0<a href=\"http:\/\/tatendrang-netzwerk.eu\/projekte\/green-bamboo-bike\" target=\"_blank\" rel=\"noopener\"> Green-Bamboo-Bike<\/a><\/p>\n<hr \/>\n<p><a href=\"http:\/\/www.frautulpe.de\" target=\"_blank\" rel=\"noopener\"><img loading=\"lazy\" decoding=\"async\" class=\"alignnone wp-image-121 size-full\" title=\"Stoffhandel frautulpe.de\" src=\"https:\/\/unigardening.de\/projekts\/nawaro-fahrrad\/wp-content\/uploads\/2016\/01\/frautulpe.de-logo.jpg\" alt=\"frautulpe.de-logo\" width=\"399\" height=\"69\" srcset=\"https:\/\/unigardening.de\/projekts\/nawaro-fahrrad\/wp-content\/uploads\/2016\/01\/frautulpe.de-logo.jpg 399w, https:\/\/unigardening.de\/projekts\/nawaro-fahrrad\/wp-content\/uploads\/2016\/01\/frautulpe.de-logo-300x52.jpg 300w\" sizes=\"auto, (max-width: 399px) 100vw, 399px\" \/><\/a><br \/>\nWir bedanken uns f\u00fcr die Flachs-Leinenstoff Spende beim<br \/>\nTextilhandel <a href=\"http:\/\/www.frautulpe.de\" target=\"_blank\" rel=\"noopener\">www.FrauTulpe.de<\/a><\/p>\n<hr \/>\n<p><img decoding=\"async\" style=\"width: 170px; height: 40px;\" title=\"System 180, das zeitlose Regalsystem Seine unendlichen Kombinationsm\u00f6glichkeiten machen es erstaunlich anpassungsf\u00e4hig\" src=\"http:\/\/nawaro-fahrrad.de\/cms_Archiv\/nawaro-fahrrad.de\/cms\/sites\/default\/files\/system180_logo.png\" alt=\"System 180, das zeitlose Regalsystem Seine unendlichen Kombinationsm\u00f6glichkeiten machen es erstaunlich anpassungsf\u00e4hig\" \/><\/p>\n<p><a href=\"http:\/\/www.system180.com\/\" target=\"_blank\" rel=\"noopener\">www.System180.com<\/a> &#8211; Zeitloses Regalsystem<\/p>\n<p><a href=\"http:\/\/www.aceteam.de\/\" target=\"_blank\" rel=\"attachment noopener wp-att-32\"><img loading=\"lazy\" decoding=\"async\" class=\"alignnone wp-image-32 size-medium\" title=\"www.aceteam.de\" src=\"https:\/\/unigardening.de\/projekts\/nawaro-fahrrad\/wp-content\/uploads\/2016\/01\/aceteam.de_Logo_alpha_gross_x2-300x100.png\" alt=\"aceteam.de_Logo_alpha_gross_x2\" width=\"300\" height=\"100\" srcset=\"https:\/\/unigardening.de\/projekts\/nawaro-fahrrad\/wp-content\/uploads\/2016\/01\/aceteam.de_Logo_alpha_gross_x2-300x100.png 300w, https:\/\/unigardening.de\/projekts\/nawaro-fahrrad\/wp-content\/uploads\/2016\/01\/aceteam.de_Logo_alpha_gross_x2.png 600w\" sizes=\"auto, (max-width: 300px) 100vw, 300px\" \/><\/a><\/p>\n<p>Wir wollten die ersten sein, die ein Holzfahrrad mit Elektroantrieb bauen.<br \/>\nDas sollte m\u00f6glichst ressourcenschonend und aus heimischem Holz hergestellt werden.<br \/>\nIn Zusammenarbeit mit der HNE Eberswalde ist uns das gelungen.<\/p>\n<p><a href=\"http:\/\/www.aceteam.de\" target=\"_blank\" rel=\"attachment noopener wp-att-50\"><img loading=\"lazy\" decoding=\"async\" class=\"alignnone wp-image-50 size-medium\" title=\"aceteam.de\" src=\"https:\/\/unigardening.de\/projekts\/nawaro-fahrrad\/wp-content\/uploads\/2016\/01\/aceteam_holz-e-Fahrrad_hnee-300x291.jpg\" alt=\"aceteam_holz-e-Fahrrad_hnee\" width=\"300\" height=\"291\" srcset=\"https:\/\/unigardening.de\/projekts\/nawaro-fahrrad\/wp-content\/uploads\/2016\/01\/aceteam_holz-e-Fahrrad_hnee-300x291.jpg 300w, https:\/\/unigardening.de\/projekts\/nawaro-fahrrad\/wp-content\/uploads\/2016\/01\/aceteam_holz-e-Fahrrad_hnee.jpg 672w\" sizes=\"auto, (max-width: 300px) 100vw, 300px\" \/><\/a><\/p>\n<hr \/>\n<p><a href=\"http:\/\/eurobinia.eu\/\" target=\"_blank\" rel=\"noopener\"><img decoding=\"async\" style=\"width: 190px; height: 200px;\" title=\" eurobinia.eu \" src=\"http:\/\/nawaro-fahrrad.de\/cms_Archiv\/nawaro-fahrrad.de\/cms\/sites\/default\/files\/eurobinia_logo_de_200px.gif\" alt=\" eurobinia.eu\" \/><\/a><br \/>\nWir bedanken uns f\u00fcr die gro\u00dfz\u00fcgige Holzspende bei eurobinia.eu<\/p>\n<hr \/>\n<p><img decoding=\"async\" style=\"width: 169px; height: 49px;\" title=\" valentin-berlin.de\" src=\"http:\/\/nawaro-fahrrad.de\/cms_Archiv\/nawaro-fahrrad.de\/cms\/sites\/default\/files\/valentin_logo_0.jpg\" alt=\" valentin-berlin.de\" \/><br \/>\nWir bedanken uns bei der Firma <a href=\"http:\/\/www.valentin-berlin.de\/\">www.valentin-berlin.de<\/a> f\u00fcr die Holzspende.<\/p>\n<hr \/>\n<p><img decoding=\"async\" style=\"width: 450px; height: 35px;\" src=\"http:\/\/www.mehrwerkdesignlabor.de\/random\/GreenDesign01.jpg\" alt=\"\" \/><\/p>\n<p><strong>Mehrwerk Designlabor <\/strong><br \/>\nB\u00fcro f\u00fcr Materialinnovation und Produktentwicklung mit Biowerkstoffen<br \/>\n<a href=\"http:\/\/www.mehrwerkdesignlabor.de\/\" target=\"_blank\" rel=\"noopener\">www.mehrwerkdesignlabor.de<\/a><br \/>\nStefan O\u00dfwald vom Mehrwerk Designlabor spendete uns ein Schutzblech f\u00fcr den auf der Hannover Messe ausgestellten Prototypen<\/p>\n<hr \/>\n<p><a href=\"http:\/\/www.haute-innovation.com\" target=\"_blank\" rel=\"noopener\"><img decoding=\"async\" src=\"http:\/\/www.haute-innovation.com\/cms\/images\/logo.jpg \" alt=\"\" \/><\/a><\/p>\n<p>HAUTE INNOVATION ~ Zukunftsagentur f\u00fcr Material und Technologie<br \/>\nHerzlichen Dank f\u00fcr die Inspiration und die Aufnahme in den Newsletter<br \/>\nan Dr. Sascha Peters.<\/p>\n<hr \/>\n<p><a title=\"bambushandel-conbam.de\" href=\"http:\/\/www.bambushandel-conbam.de\/\" target=\"_blank\" rel=\"noopener\"><img loading=\"lazy\" decoding=\"async\" title=\" bambus-conbam.de \" src=\"http:\/\/tatendrang-netzwerk.eu\/Presse_Berlin-Bamboo-Bikes.org-Dateien\/CONBAM_Bambus-Produkte_0.jpg\" alt=\"www.bambus-conbam.de \" width=\"199\" height=\"84\" \/><\/a><\/p>\n<p><strong>Wir bedanken uns bei Herrn Dipl.-Ing. Christoph T\u00f6nges <\/strong><br \/>\nf\u00fcr die zuverl\u00e4ssige Belieferung mit hochwertigem Bambus<\/p>\n<p><a href=\"http:\/\/www.bambushandel-conbam.de\/\" target=\"_blank\" rel=\"noopener\">http:\/\/www.bambushandel-conbam.de<\/a><\/p>\n<hr \/>\n<p><a href=\"http:\/\/wikiwoods.org\/\" target=\"_blank\" rel=\"noopener\"><img decoding=\"async\" style=\"width: 161px; height: 77px;\" title=\"www.WikiWoods.org \" src=\"http:\/\/nawaro-fahrrad.de\/cms_Archiv\/nawaro-fahrrad.de\/cms\/sites\/default\/files\/wikiwoods_logo.jpg\" alt=\" wikiwoods.org\" \/><\/a><br \/>\n<strong>B\u00e4ume pflanzen mit WikiWoods &#8211; W\u00e4lder, Klimawandel und lokale Ressourcen<\/strong><\/p>\n<p><a title=\" www.wikiwoods.org\" href=\"http:\/\/ http:\/\/wikiwoods.org\" target=\"_blank\" rel=\"noopener\">WikiWoods pflanzt mit Freiwilligen und Partnern vor Ort (Obst-)B\u00e4ume&#8230;<\/a><\/p>\n<hr \/>\n<p><strong>Wir bauen Holzfelgen f\u00fcr Fahrr\u00e4der seit 1948<\/strong><\/p>\n<p><strong><a href=\"http:\/\/www.cbita.it\/?lang=de\" target=\"_blank\" rel=\"noopener\"><img decoding=\"async\" style=\"width: 252px; height: 140px;\" title=\"www.cbita.it\" src=\"http:\/\/nawaro-fahrrad.de\/cms_Archiv\/nawaro-fahrrad.de\/cms\/sites\/default\/files\/cbit_h.png\" alt=\"\" \/><\/a><\/strong><br \/>\n<a href=\"http:\/\/www.cbita.it\/\">http:\/\/www.cbita.it<\/a><\/p>\n<hr \/>\n<p><img decoding=\"async\" style=\"width: 269px; height: 43px;\" src=\"http:\/\/nawaro-fahrrad.de\/cms_Archiv\/nawaro-fahrrad.de\/cms\/sites\/default\/files\/Schlumpf_Logo_0.jpg\" alt=\"\" \/><\/p>\n<p><strong>Schlumpf Innovations<\/strong><br \/>\nEntwickler von Fahrradgetrieben<br \/>\n<a href=\"http:\/\/www.schlumpf.ch\" target=\"_blank\" rel=\"noopener\">www.schlumpf.ch<\/a><br \/>\nZu einem innovativen Fahrrad geh\u00f6rt auch ein innovatives Antriebskonzept. Wir freuen uns, den Riementrieb &#8222;ABDS&#8220; und das Getriebe &#8222;speed drive&#8220; der Fa. Schlumpf an unserem Prototypen einzusetzen und gemeinsam an weiter innovativen Ideen zu arbeiten<\/p>\n<hr \/>\n<p><img decoding=\"async\" src=\"http:\/\/nawaro-fahrrad.de\/cms_Archiv\/nawaro-fahrrad.de\/cms\/sites\/default\/files\/ghisallo-logo_0.jpg\" alt=\"\" \/><\/p>\n<p><strong>Cerchi Ghisallo <\/strong><br \/>\nHersteller von Fahrrad-Holzfelgen und -Holzbauteile<br \/>\n<a href=\"http:\/\/www.cerchiinlegnoghisallo.com\/\" target=\"_blank\" rel=\"noopener\">www.cerchiinlegnoghisallo.com<\/a><br \/>\nWir danken f\u00fcr einen Satz Holzfelgen f\u00fcr unseren Prototypen<span style=\"color: #ffffff;\"> und freuen uns auf die weiter vor uns liegende Zusammenarbeit<\/span><\/p>\n<hr \/>\n<p><a href=\"http:\/\/schwalbe.de\/\" target=\"_blank\" rel=\"noopener\"><img decoding=\"async\" style=\"width: 171px; height: 61px;\" title=\" schwalbe.de \" src=\"http:\/\/nawaro-fahrrad.de\/cms_Archiv\/nawaro-fahrrad.de\/cms\/sites\/default\/files\/Logo-Schwalbe.png\" alt=\"\" \/><\/a><\/p>\n<hr \/>\n<p><strong>AStA Fachhochschule Potsdam<\/strong><\/p>\n<p><a href=\"http:\/\/www.fh-potsdam.de\/\" target=\"_blank\" rel=\"noopener\">www.fh-potsdam.de<\/a><\/p>\n<hr \/>\n<p><img decoding=\"async\" style=\"width: 169px; height: 38px;\" src=\"http:\/\/martinakolarek.com\/images\/logomk.gif\" alt=\"\" \/><\/p>\n<p><strong>Martina Kolarek Ingenieurb\u00fcro <\/strong><br \/>\nMaterialien, Rohstoffe, Nachhaltigkeit<br \/>\n<a href=\"http:\/\/martinakolarek.com\" target=\"_blank\" rel=\"noopener\">www.martinakolarek.com<\/a><\/p>\n<hr \/>\n<p><a href=\"http:\/\/jowat.de\/\" target=\"_blank\" rel=\"noopener\"><img decoding=\"async\" style=\"width: 170px; height: 53px;\" title=\"jowat.de\" src=\"http:\/\/nawaro-fahrrad.de\/cms_Archiv\/nawaro-fahrrad.de\/cms\/sites\/default\/files\/logo_0.gif\" alt=\"\" \/><\/a><br \/>\nVielen Dank f\u00fcr die Klebstoffe von jowat.de<\/p>\n<hr \/>\n<p><img decoding=\"async\" style=\"width: 269px; height: 174px;\" src=\"http:\/\/nawaro-fahrrad.de\/cms_Archiv\/nawaro-fahrrad.de\/cms\/sites\/default\/files\/Calenberger_Radkultur_Logo_0.jpg\" alt=\"\" \/><\/p>\n<p><strong>Calenberger Radkultur <\/strong><br \/>\nFAHRR\u00c4DER mit SINN und STIL aus Hannover<br \/>\n<a href=\"http:\/\/www.calenberger-radkultur.de\/\" target=\"_blank\" rel=\"noopener\">www.calenberger-radkultur.de<\/a><br \/>\nVielen Dank an Matthias und Michael f\u00fcr die Hilfe und F\u00f6rderung bei der Zusammenstellung des NaWaRo-Fahrrad Prototyps bei der Hannover Messe 2011<\/p>\n<hr \/>\n<p>Teilnahme auf der <a title=\"virtualmarket.bautec-berlin.de\" href=\"http:\/\/www.virtualmarket.bautec-berlin.de\/?Action=showCompany&amp;id=261150&amp;reset\" target=\"_blank\" rel=\"noopener\">Messe BauTec Berlin<\/a> 2012<br \/>\nmit freundlicher Unterst\u00fctzung von <a href=\"http:\/\/www.lup-marketing.de\/\" target=\"_blank\" rel=\"noopener\">www.LUP-Marketing.de<\/a><\/p>\n<hr \/>\n<p><a href=\"http:\/\/raederwerk.com\/\" target=\"_blank\" rel=\"noopener\"><img decoding=\"async\" style=\"width: 222px; height: 91px;\" title=\"raederwerk.com\" src=\"http:\/\/nawaro-fahrrad.de\/cms_Archiv\/nawaro-fahrrad.de\/cms\/sites\/default\/files\/logo_rw_o_adr_0_0.png\" alt=\"\" \/><\/a><\/p>\n<p><strong>Vielen Dank an die R\u00e4derwerk Hannover GmbH<\/strong><br \/>\nf\u00fcr die gesponserten Fahrradkomponenten<\/p>\n<p><a href=\"http:\/\/www.raederwerk.com\/\" target=\"_blank\" rel=\"noopener\">http:\/\/www.raederwerk.com<\/a><\/p>\n<hr \/>\n<p><a href=\"http:\/\/berlin-city-west.de\/aktuell\/innovation-\u201enawaro\u201c\" target=\"_blank\" rel=\"noopener\"><img decoding=\"async\" style=\"width: 269px; height: 50px;\" title=\"berlin-city-west.de\" src=\"http:\/\/nawaro-fahrrad.de\/cms_Archiv\/nawaro-fahrrad.de\/cms\/sites\/default\/files\/berlin-city-west.de_logo.jpg\" alt=\"berlin-city-west.de Regionalmanagement\" \/><\/a><br \/>\nberlin-city-west.de Regionalmanagement<\/p>\n<hr \/>\n<p><img decoding=\"async\" style=\"width: 299px; height: 83px;\" src=\"http:\/\/nawaro-fahrrad.de\/cms_Archiv\/nawaro-fahrrad.de\/cms\/sites\/default\/files\/Heger_Hulda_Logo.jpg\" alt=\"\" \/><\/p>\n<p><strong>Heger Hulda <\/strong><br \/>\nNatural Fibre Consultants<br \/>\n<!-- <a href=\"http:\/\/www.hegerhulda.com\/\">http:\/\/www.hegerhulda.com<\/a> --><br \/>\nWir danken f\u00fcr die Spende von Naturfasergewebe<\/p>\n<hr \/>\n<p><strong>Time Out Composites<\/strong><br \/>\n<a href=\"http:\/\/www.timeout.de\/\" target=\"_blank\" rel=\"noopener\">http:\/\/www.timeout.de<\/a><br \/>\nWir danken f\u00fcr die Versorgung mit Bio-Epoxidharz &#8222;GreenPoxy 55&#8220; und Naturfasergewebe in Composite-Qualit\u00e4t<\/p>\n<hr \/>\n<p><!--\n<a href=\"http:\/\/design-f.net\/\" target=\"_blank\"><img decoding=\"async\" style=\"width: 169px; height: 180px;\" title=\"design-F produkt grafik web\" src=\"http:\/\/nawaro-fahrrad.de\/cms_Archiv\/nawaro-fahrrad.de\/cms\/sites\/default\/files\/design-F_transpa_kontrast_469_0_0.png\" alt=\"design-f.net\" \/><\/a>\nprodukt\ngrafik\nweb\n<a href=\"http:\/\/design-f.net\/\">http:\/\/design-F.net<\/a>\n--><\/p>\n<p><a title=\"Allgemeiner Studierenden Ausschuss Technische Universit\u00e4t Berlin\" href=\"http:\/\/asta.tu-berlin.de \" target=\"_blank\" rel=\"noopener\"><img loading=\"lazy\" decoding=\"async\" class=\"alignnone size-full wp-image-122\" src=\"https:\/\/unigardening.de\/projekts\/nawaro-fahrrad\/wp-content\/uploads\/2016\/01\/AStA_TU-Berlin_logo_469.png\" alt=\"AStA_TU-Berlin_logo \" width=\"469\" height=\"123\" srcset=\"https:\/\/unigardening.de\/projekts\/nawaro-fahrrad\/wp-content\/uploads\/2016\/01\/AStA_TU-Berlin_logo_469.png 469w, https:\/\/unigardening.de\/projekts\/nawaro-fahrrad\/wp-content\/uploads\/2016\/01\/AStA_TU-Berlin_logo_469-300x79.png 300w\" sizes=\"auto, (max-width: 469px) 100vw, 469px\" \/><\/a><\/p>\n<p>Danke f\u00fcr die langj\u00e4hrige Unterst\u00fctzung durch den<br \/>\n<a title=\"Allgemeiner Studierenden Ausschuss Technische Universit\u00e4t Berlin\" href=\"http:\/\/asta.tu-berlin.de \" target=\"_blank\" rel=\"noopener\">www.AStA.TU-Berlin.de<\/a><\/p>\n<hr \/>\n","protected":false},"excerpt":{"rendered":"<p>Wir bedanken uns f\u00fcr die bisherige Unterst\u00fctzung &amp; Kooperation u.a. bei: Technische Universit\u00e4t Berlin Fachgebiet Polymertechnik und Polymerphysik www.ptk.tu-berlin.de Das Fachgebiet von Prof. Wagner betreute die Projektwerkst\u00e4tten NaWaRo-Fahrrad I &amp; II und unterst\u00fctzt das Projekt weiterhin. Kooperation mit &amp; Unterst\u00fctzung durch den Sonderforschungsbereich (SFB) 1026 Sustainable Manufacturing.net ~ Shaping Global Value Creation Im Maschinenlabor auf &hellip; <a href=\"https:\/\/unigardening.de\/projekts\/nawaro-fahrrad\/?page_id=29\" class=\"more-link\"><span class=\"screen-reader-text\">Kooperationen, Partner und Unterst\u00fctzerInnen<\/span> weiterlesen <span class=\"meta-nav\">&rarr;<\/span><\/a><\/p>\n","protected":false},"author":1,"featured_media":0,"parent":0,"menu_order":0,"comment_status":"closed","ping_status":"closed","template":"","meta":{"footnotes":""},"class_list":["post-29","page","type-page","status-publish","hentry"],"_links":{"self":[{"href":"https:\/\/unigardening.de\/projekts\/nawaro-fahrrad\/index.php?rest_route=\/wp\/v2\/pages\/29","targetHints":{"allow":["GET"]}}],"collection":[{"href":"https:\/\/unigardening.de\/projekts\/nawaro-fahrrad\/index.php?rest_route=\/wp\/v2\/pages"}],"about":[{"href":"https:\/\/unigardening.de\/projekts\/nawaro-fahrrad\/index.php?rest_route=\/wp\/v2\/types\/page"}],"author":[{"embeddable":true,"href":"https:\/\/unigardening.de\/projekts\/nawaro-fahrrad\/index.php?rest_route=\/wp\/v2\/users\/1"}],"replies":[{"embeddable":true,"href":"https:\/\/unigardening.de\/projekts\/nawaro-fahrrad\/index.php?rest_route=%2Fwp%2Fv2%2Fcomments&post=29"}],"version-history":[{"count":9,"href":"https:\/\/unigardening.de\/projekts\/nawaro-fahrrad\/index.php?rest_route=\/wp\/v2\/pages\/29\/revisions"}],"predecessor-version":[{"id":140,"href":"https:\/\/unigardening.de\/projekts\/nawaro-fahrrad\/index.php?rest_route=\/wp\/v2\/pages\/29\/revisions\/140"}],"wp:attachment":[{"href":"https:\/\/unigardening.de\/projekts\/nawaro-fahrrad\/index.php?rest_route=%2Fwp%2Fv2%2Fmedia&parent=29"}],"curies":[{"name":"wp","href":"https:\/\/api.w.org\/{rel}","templated":true}]}}