{"id":9857,"date":"2020-01-21T07:24:46","date_gmt":"2020-01-21T07:24:46","guid":{"rendered":"https:\/\/unigardening.de\/netzwerk\/?page_id=9857"},"modified":"2020-01-27T23:48:13","modified_gmt":"2020-01-27T23:48:13","slug":"city-terra_preta","status":"publish","type":"page","link":"https:\/\/unigardening.de\/netzwerk\/city-terra_preta\/","title":{"rendered":"City Terra &#8211; Terra Preta f\u00fcr die Stadt !"},"content":{"rendered":"<p><span style=\"font-size: large;\"><b><img loading=\"lazy\" decoding=\"async\" class=\"size-medium wp-image-9858 alignright\" src=\"https:\/\/unigardening.de\/netzwerk\/wp-content\/uploads\/2020\/01\/City-Terra_Logo_noi-300x170.png\" alt=\"\" width=\"300\" height=\"170\" srcset=\"https:\/\/unigardening.de\/netzwerk\/wp-content\/uploads\/2020\/01\/City-Terra_Logo_noi-300x170.png 300w, https:\/\/unigardening.de\/netzwerk\/wp-content\/uploads\/2020\/01\/City-Terra_Logo_noi.png 769w\" sizes=\"auto, (max-width: 300px) 100vw, 300px\" \/>Die Idee des Projekts <\/b>ist es,<br \/>\ndie in der Stadt anfallenden Bio-<br \/>\nund Schnittabf\u00e4lle zu verwerten und innerhalb einer &#8222;City Terra Anlage&#8220; zu kompostieren, um einen Grundbaustein zur lokalen Terra Preta Herstellung zu erm\u00f6glichen. Neben dem Kompostierungsprozess werden Holzschnitt und Pflanzenmaterial zu Holzkohle, mittels des Pyrolyseverfahrens verarbeitet, welche wiederum der Komposterde beigemischt werden kann.<br \/>\nEin solches Konzept kann dazu beitragen lokale Nahrungsmittelkreisl\u00e4ufe zu schlie\u00dfen und einen Beitrag zur atmosph\u00e4rischen Kohlenstoffregulierung leisten.<\/span><\/p>\n<p><span style=\"font-size: large;\"><b>M\u00f6gliche Quellen f\u00fcr Bio-<br \/>\nund Schnittabf\u00e4lle<\/b> sind u.a.: <\/span><\/p>\n<p><span style=\"font-size: large;\">Gr\u00fcnfl\u00e4chen\u00e4mter, Land- &amp; Gartenbau, Lebensmittelproduktion &amp; -handel, Unternehmen, Privathaushalte, Mensen <\/span><span style=\"font-size: large;\">und Kantinen institutioneller Einrichtungen.<\/span><\/p>\n<p><span style=\"font-size: large;\"><b>Die lokal produzierte Schwarzerde<\/b><br \/>\nkann in der Stadt oder im regionalen Umland weiterverwendet werden.<\/span><\/p>\n<p><span style=\"font-size: large;\">Hierbei bieten sich zahlreiche Kooperationsm\u00f6glichkeiten mit Hochschulen, Forschungsprojekten, Land- &amp; Gartenbau, lokalen Initiativen, Vereinen und Unternehmen, Kleing\u00e4rten etc. an. <\/span><\/p>\n<p><strong>Kontakt<\/strong>: <a href=\"https:\/\/unigardening.de\/netzwerk\/kontaktmoeglichkeiten\/\"><strong>eMail-Formular<\/strong><\/a><\/p>\n<p><strong>Links<\/strong>:<\/p>\n<ul>\n<li><strong><a href=\"https:\/\/terraboga.de\/\" target=\"_blank\" rel=\"noopener noreferrer\">TerraBoGa.de<\/a><\/strong> FU Berlin &#8211; Forschung f\u00fcr Innovation \u2013 Klimaschutz \u2013 Nachhaltigkeit<\/li>\n<li>\u201cDamit der in der Biokohle enthaltene Kohlenstoff im Sinne einer CE-Ma\u00dfnahme l\u00e4ngerfristig der Atmosph\u00e4re entzogen bleibt, bedarf es einer \u2013 idealerweise wertsch\u00f6pfenden \u2013 stofflichen und weitgehend kohlenstoffneutralen Nutzungsm\u00f6glichkeit f\u00fcr Biokohle, <strong>die f\u00fcr einen klimarelevanten Beitrag dar\u00fcber hinaus Biokohle im Milliarden-Tonnen-Ma\u00dfstab aufnehmen kann<\/strong>. Eine diesen Kriterien gerecht werdende stoffliche Nutzung wird in der Einbindung der Biokohle in <strong>landwirtschaftlich und g\u00e4rtnerisch genutzte B\u00f6den<\/strong> gesehen (z. B. Lehmann et al. 2006). So wird vermutet, dass in den Boden eingebrachte Biokohle eine f\u00f6rdernde Wirkung auf den Humusgehalt und die Fruchtbarkeit des Bodens entfaltet und der enthaltene Kohlenstoff \u00fcber l\u00e4ngere Zeitr\u00e4ume im Boden festgelegt wird. Diese Annahmen beruhen auf der (Wieder-)Entdeckung der sogenannten \u00bbTerra Preta\u00ab in Brasilien.\u201d <strong>Quelle<\/strong>: <a href=\"http:\/\/dip21.bundestag.de\/dip21\/btd\/18\/021\/1802121.pdf#page=49\" target=\"_blank\" rel=\"noopener noreferrer\">Deutscher Bundestag \u2013 Bericht des Ausschusses f\u00fcr Bildung, Forschung &amp; Technikfolgenabsch\u00e4tzung \u2013 Climate Engineering (CE) ~ Seite 49<\/a><\/li>\n<li><a href=\"https:\/\/en.wikipedia.org\/wiki\/Regenerative_agriculture\" target=\"_blank\" rel=\"noopener noreferrer\"><strong>Regenerative Agriculture<\/strong><\/a> (Wikipedia English)<\/li>\n<li><a href=\"https:\/\/en.wikipedia.org\/wiki\/Terra_preta\" target=\"_blank\" rel=\"noopener noreferrer\"><strong>Terra Preta<\/strong><\/a> (Wikipedia English)<\/li>\n<\/ul>\n","protected":false},"excerpt":{"rendered":"<p>Die Idee des Projekts ist es, die in der Stadt anfallenden Bio- und Schnittabf\u00e4lle zu verwerten und innerhalb einer &#8222;City Terra Anlage&#8220; zu kompostieren, um einen Grundbaustein zur lokalen Terra Preta Herstellung zu erm\u00f6glichen. Neben dem Kompostierungsprozess werden Holzschnitt und Pflanzenmaterial zu Holzkohle, mittels des Pyrolyseverfahrens verarbeitet, welche wiederum der Komposterde beigemischt werden kann. Ein &hellip; <a href=\"https:\/\/unigardening.de\/netzwerk\/city-terra_preta\/\" class=\"more-link\"><span class=\"screen-reader-text\">City Terra &#8211; Terra Preta f\u00fcr die Stadt !<\/span> weiterlesen <span class=\"meta-nav\">&rarr;<\/span><\/a><\/p>\n","protected":false},"author":1,"featured_media":0,"parent":0,"menu_order":0,"comment_status":"closed","ping_status":"closed","template":"","meta":{"ngg_post_thumbnail":0,"footnotes":""},"class_list":["post-9857","page","type-page","status-publish","hentry"],"_links":{"self":[{"href":"https:\/\/unigardening.de\/netzwerk\/wp-json\/wp\/v2\/pages\/9857","targetHints":{"allow":["GET"]}}],"collection":[{"href":"https:\/\/unigardening.de\/netzwerk\/wp-json\/wp\/v2\/pages"}],"about":[{"href":"https:\/\/unigardening.de\/netzwerk\/wp-json\/wp\/v2\/types\/page"}],"author":[{"embeddable":true,"href":"https:\/\/unigardening.de\/netzwerk\/wp-json\/wp\/v2\/users\/1"}],"replies":[{"embeddable":true,"href":"https:\/\/unigardening.de\/netzwerk\/wp-json\/wp\/v2\/comments?post=9857"}],"version-history":[{"count":4,"href":"https:\/\/unigardening.de\/netzwerk\/wp-json\/wp\/v2\/pages\/9857\/revisions"}],"predecessor-version":[{"id":9888,"href":"https:\/\/unigardening.de\/netzwerk\/wp-json\/wp\/v2\/pages\/9857\/revisions\/9888"}],"wp:attachment":[{"href":"https:\/\/unigardening.de\/netzwerk\/wp-json\/wp\/v2\/media?parent=9857"}],"curies":[{"name":"wp","href":"https:\/\/api.w.org\/{rel}","templated":true}]}}