{"id":2,"date":"2016-05-10T03:48:21","date_gmt":"2016-05-10T03:48:21","guid":{"rendered":"http:\/\/wp452m.a10-52-158-154.qa.plesk.ru\/wordpress\/?page_id=2"},"modified":"2018-06-24T17:04:04","modified_gmt":"2018-06-24T17:04:04","slug":"about","status":"publish","type":"page","link":"https:\/\/unigardening.de\/netzwerk\/about\/","title":{"rendered":"UniGardening ~NetzWerk"},"content":{"rendered":"<h3><strong>Urbanes G\u00e4rtnern an Hochschulen<\/strong><\/h3>\n<p><strong>Worum geht&#8217;s ?!<\/strong> <img loading=\"lazy\" decoding=\"async\" class=\"size-medium wp-image-216 alignright\" src=\"http:\/\/Tatendrang-Netzwerk.eu\/projekte\/wp-content\/uploads\/2016\/01\/UniGardening-NetzWerk_UGNW_Logo-1.jpg\" alt=\"UniGardening-NetzWerk_UGNW_Logo\" width=\"199\" height=\"86\"><br \/>\nIst eure Uni auch grau und langweilig?!<br \/>\nWollt ihr selber Hand anlegen?!<br \/>\nDann startet eure eigene UniGardening Initiative!<br \/>\nBei UniGardening geht es auch um die Kooperation und den Austausch mit Fachgebieten an eurer Hochschule.<br \/>\nSo kann neue Lehre und Forschung zu Urban Gardening entstehen.<br \/>\nDas neue G\u00e4rtner Know How k\u00f6nnt ihr dann auch bei euch zu Hause zur Selbstversorgung anwenden.<br \/>\nDas UniGardening~NetzWerk will Urban Gardening und Urban Farming an alle Hochschulen bringen!<\/p>\n<hr>\n<p><strong>UniGardening~NetzWerk Video<\/strong> <span style=\"font-size: small;\">(1,5Min)<\/span>: <iframe loading=\"lazy\" src=\"https:\/\/www.youtube.com\/embed\/HDcconE1hPs?rel=0&amp;showinfo=0\" allowfullscreen=\"allowfullscreen\" width=\"399\" height=\"224\" frameborder=\"0\"><\/iframe><\/p>\n<hr>\n<p><strong>Das UniGardening~NetzWerk<\/strong> <img loading=\"lazy\" decoding=\"async\" class=\"alignright wp-image-26\" title=\"UniGardening FU Berlin im Botanischen Garten ~ &quot;Pflanzen was der Spaten h\u00e4lt !&quot;\" src=\"http:\/\/Tatendrang-Netzwerk.eu\/projekte\/wp-content\/uploads\/2015\/09\/huegelbeet_930-200x300.jpg\" alt=\"FU UniGardening\" width=\"200\" height=\"300\"><br \/>\nDer Begriff&nbsp; &#8222;UniGardening&#8220; wurde von der Nachhaltigkeitsinitiative <strong>SustainIT<em>!<\/em><\/strong> der Freien Universit\u00e4t Berlin bereits 2011 gepr\u00e4gt und im Rahmen der &#8222;Hochschultage Nachhaltigkeit + Klimaschutz&#8220; zum ersten Mal verwendet.<br \/>\n&#8222;UniGardening im BoGa&#8220; ist als Teilprojekt aus der ehem. TU-Projektwerkstatt &#8222;<strong>Permakultur &amp; Terra Preta in der Stadt &amp; auf dem Land<\/strong>&#8220; (Laufzeit SoSe2013 &#8211; WiSe2014\/15) in Kooperation mit der FU-Initiative SustainIT<em>!<\/em> im Botanischen Garten Berlin der FU entstanden.<br \/>\nDas <strong>UniGardening~NetzWerk<\/strong>, als Zusammenschluss von engagierten Studierenden, Uni-Fachgebieten und weiteren Hochschulinternen- &amp; externen Akteuren, wurde im Rahmen der unabh\u00e4ngigen &amp; \u00fcberparteilichen Hochschulgruppe&nbsp;<strong><em>&#8222;Tatendrang~Netzwerk&#8220; <\/em><\/strong>2015\/16 initiiert.<\/p>\n<p><img loading=\"lazy\" decoding=\"async\" class=\" alignright\" src=\"http:\/\/Tatendrang-Netzwerk.eu\/projekte\/wp-content\/uploads\/2016\/01\/Photo_UniGardening_Avatare-269-1.jpg\" alt=\"Photo_UniGardening_Avatare-269\" width=\"269\" height=\"187\"> Das UniGardening~NetzWerk hat u.a. die Anlegung von gr\u00fcnen &amp; essbaren Oasen auf dem Campus als Ziel. In Schaug\u00e4rten k\u00f6nnen so verschiedene Urban Gardening Konzepte und Methoden angewendet bzw. erprobt und weiterentwickelt werden, wie z.B.: Anlegung von Hochbeeten, Vertikal- &amp; Dachbegr\u00fcnung, Mischkultivierung von Nutz- &amp; Nahrungspflanzen, Bienen &amp; N\u00fctzlinge, Zucht von Speisepilzen, Kompostierung\/Terra Preta &#8230;<\/p>\n<p>Mitmachen k\u00f6nnen Studierende aller Semester, Studieng\u00e4nge &amp; Hochschulen ~&nbsp; Bachelor- &amp; Masterarbeiten zum Themengebiet Urban Gardening und Alternative Agriculture auf Anfrage m\u00f6glich. Es geht auch darum die alte Kulturtechnik des G\u00e4rtnerns bzw. der Landwirtschaft allen Hochschulmitgliedern n\u00e4her zu bringen. <a href=\"http:\/\/www.yooweedoo.org\" target=\"_blank\" rel=\"noopener\"><img loading=\"lazy\" decoding=\"async\" class=\"size-full wp-image-300 alignright\" src=\"http:\/\/Tatendrang-Netzwerk.eu\/projekte\/wp-content\/uploads\/2016\/01\/Anlage-1-zur-Mail-an-Preistraeger_269.jpg\" alt=\"Anlage-1-zur-Mail-an-Preistraeger_199\" width=\"199\" height=\"299\"><\/a><br \/>\nNutzg\u00e4rten sind herausragende kommunikative Treffpunkte, es sollen daher vor allem auch internationale Studierende, Nachbarn und Refugees eingeladen werden sich zu beteiligen.<\/p>\n<p><strong>Gewonnen<em>!<\/em><\/strong><br \/>\nDas UniGardening~NetzWerk ist ein Siegerprojekt des yooweedoo Ideenwettbewerbs 2016 <em>!!!<\/em><br \/>\n<strong>Ausgezeichnet im <a href=\"http:\/\/www.yooweedoo.org\" target=\"_blank\" rel=\"noopener\">yooweedoo Ideenwettbewerb<\/a> 2016<\/strong><br \/>\n<strong>Unterst\u00fctzt durch den <a href=\"https:\/\/www.stifterverband.org\" target=\"_blank\" rel=\"noopener\">Stifterverband f\u00fcr die Deutsche Wissenschaft<\/a><\/strong><\/p>\n<hr>\n<h5><a href=\"http:\/\/Tatendrang-Netzwerk.eu\/projekte\/neue-unigardening-initiative-starten\"><img loading=\"lazy\" decoding=\"async\" class=\"alignleft wp-image-240 size-full\" title=\"Eigene UniGardening-Initiative starten....\" src=\"http:\/\/Tatendrang-Netzwerk.eu\/projekte\/wp-content\/uploads\/2016\/02\/RotBluete_1-10anim_4.gif\" alt=\"RotBluete_1-10anim_4\" width=\"69\" height=\"69\"><\/a><strong>Jetzt eure eigene UniGardening-Initiative<br \/>\nan eurer Hochschule an den Start bringen<em>!<\/em><\/strong><\/h5>\n<p>Hier gehts zur <a href=\"http:\/\/Tatendrang-Netzwerk.eu\/projekte\/neue-unigardening-initiative-starten\">Schritt-f\u00fcr-Schritt Anleitung&#8230;<\/a><\/p>\n","protected":false},"excerpt":{"rendered":"<p>Urbanes G\u00e4rtnern an Hochschulen Worum geht&#8217;s ?! Ist eure Uni auch grau und langweilig?! Wollt ihr selber Hand anlegen?! Dann startet eure eigene UniGardening Initiative! Bei UniGardening geht es auch um die Kooperation und den Austausch mit Fachgebieten an eurer Hochschule. So kann neue Lehre und Forschung zu Urban Gardening entstehen. Das neue G\u00e4rtner Know &hellip; <a href=\"https:\/\/unigardening.de\/netzwerk\/about\/\" class=\"more-link\"><span class=\"screen-reader-text\">UniGardening ~NetzWerk<\/span> weiterlesen <span class=\"meta-nav\">&rarr;<\/span><\/a><\/p>\n","protected":false},"author":1,"featured_media":0,"parent":0,"menu_order":0,"comment_status":"closed","ping_status":"closed","template":"","meta":{"ngg_post_thumbnail":0,"footnotes":""},"class_list":["post-2","page","type-page","status-publish","hentry"],"_links":{"self":[{"href":"https:\/\/unigardening.de\/netzwerk\/wp-json\/wp\/v2\/pages\/2","targetHints":{"allow":["GET"]}}],"collection":[{"href":"https:\/\/unigardening.de\/netzwerk\/wp-json\/wp\/v2\/pages"}],"about":[{"href":"https:\/\/unigardening.de\/netzwerk\/wp-json\/wp\/v2\/types\/page"}],"author":[{"embeddable":true,"href":"https:\/\/unigardening.de\/netzwerk\/wp-json\/wp\/v2\/users\/1"}],"replies":[{"embeddable":true,"href":"https:\/\/unigardening.de\/netzwerk\/wp-json\/wp\/v2\/comments?post=2"}],"version-history":[{"count":6,"href":"https:\/\/unigardening.de\/netzwerk\/wp-json\/wp\/v2\/pages\/2\/revisions"}],"predecessor-version":[{"id":1086,"href":"https:\/\/unigardening.de\/netzwerk\/wp-json\/wp\/v2\/pages\/2\/revisions\/1086"}],"wp:attachment":[{"href":"https:\/\/unigardening.de\/netzwerk\/wp-json\/wp\/v2\/media?parent=2"}],"curies":[{"name":"wp","href":"https:\/\/api.w.org\/{rel}","templated":true}]}}